146 - -136) + 5 + 1 + -17
-12
-25 - ((-5 - -1) + -1 + (106 - (80 + 10)))
-36
Evaluate -328 + 117 + 144 - (0 - (2 - 2)).
-67
Calculate (-43 - (102 - -2)) + 48.
-99
What is 34 - (39 + (50 - 75))?
20
What is the value of -12 - (19 - 0 - (2 - (2 + -6)))?
-25
What is (2577 - 2563) + ((8 - -1) + 1 - 0)?
24
What is (-31 - -24 - -134) + -80?
47
Evaluate 14 - ((-29 - -47) + -2 + 0) - -84.
82
Calculate -7 + 129 + (12 - (2 - -48 - 19 - 14)).
117
What is 32 + (-8 + 21 - 126) + 7?
-74
Calculate 25 + -82 + ((28 - 19) + (-4 - 1) - 15).
-68
What is -31 - (-83 + 106 - (-17 + -1))?
-72
What is 15 + (36 - 23) + -60 - -77?
45
Evaluate (-6 - (-11 - (-15 + -10 - -12))) + 57.
49
Calculate -946 + 980 + (5 + -3 - 147).
-111
What is the value of (-42 + 42 - 56) + 34?
-22
What is -30 - (57 - 175) - 150?
-62
What is the value of 104 + (60 - 131) + -7?
26
Evaluate 4340 - 4435 - (-12 - 2).
-81
Calculate -61 - (-92 + 84 - (6 - 2)).
-49
What is the value of 30 - (-12 - (-72 + 73))?
43
What is -18 - (3 + 16 + -52)?
15
What is the value of -22 + (7 - (-20 - 0)) + 49?
54
100 + -13 + 17 + -28 - (1 - -11)
64
-53 + -1 + 21 + 15 + -22
-40
Calculate -16 + 0 + 3 - (-135 + 84 + (6 - 5)).
37
(-3 - -1) + 1 + (-466 - -415) + (-14 - -10)
-56
Calculate (-11 - -9 - -29) + 86 + -43.
70
(-34 - 21) + -28 + 24 - -18
-41
What is the value of -34 + 22 - -81 - 91?
-22
Evaluate 84 + -42 + -76 - (-3 - -29).
-60
What is 72 - 31 - (-63 - -171)?
-67
What is the value of 121 + (69 - (-108 + 354))?
-56
Evaluate -10 + -16 + 24 - (9 + 2) - -69.
56
Calculate -102 - ((16 - 34) + -25).
-59
13 + 2 + (6 - 47) - 4
-30
-2 + -1 + -6 - (15 + (14 - (29 + 10)))
1
What is 16 + -17 + (-5 - (-8 - -2)) + -7 + -5?
-12
Evaluate 30 + -92 + 42 - (-5 - -61).
-76
What is the value of -6 - (35 + 59 + -45) - (12 - 1)?
-66
What is the value of (-10 - (22 + -16) - -4) + (26 - -1)?
15
-4 + 2 - (6 + 2) - (-23 + -83 - -33)
63
Evaluate 5 - (12 - (-8 - (3 - (5 + -1)))).
-14
What is 11 + -7 + 17 + -7 + 0 + 49 + 1?
64
-9 + -17 + -22 + 72 + -9
15
Calculate (-897 - -896 - (0 - (-1 + 7))) + -12.
-7
What is 0 - -13 - (-14 + 9 + 123 + 4 + -16)?
-93
What is the value of -3279 + 3309 + (0 - 1) + -74?
-45
Calculate (9 - ((4 - (-1 + -6)) + -69)) + -3 + 0.
64
What is the value of (7 - 10) + 42 + -3 + (28 - (-2 + 15))?
51
What is 25 + -46 + 63 + 7?
49
What is 25 + 39 + -26 + -20 + -98?
-80
Evaluate (0 - (41 + -42 + 2)) + 12 + -1.
10
Evaluate 62 - (41 + -86 - -63).
44
Calculate -32 + (39 - 12) + (-1 - 6) - -72.
60
(8 + 18 - -14) + -157 + 14
-103
What is -12 + -1 - (14 + 0 - (-127 - (-120 - 25)))?
-9
What is the value of 58 - ((-78 - -87) + 6 + -4 + -4)?
51
12 + -2 + (-13 - (20 - 15)) + -24
-32
What is the value of (93 - 94) + -3 + 60 - (3 + (3 - 1))?
51
What is the value of 7 - ((-2 - 7) + -11 + -6 + -13)?
46
Calculate (1 - (0 - (-2 - -4))) + 341 + (-746 - -434).
32
-125 + 117 + (-2 - -1 - -57) + (-173 - -178)
53
Evaluate 92 + 7 + -11 + -4 - (2 + (-8 - 2)).
92
Evaluate (56 - 0 - -6) + 23 + (-44 - -23).
64
(17 - (3 - 0)) + 3 + (8 - (15 - -6))
4
What is the value of 17 + -31 + 43 + -83 + 7?
-47
Calculate 4 - (-26 + 12 + 9) - 56.
-47
What is (0 - 89) + (-85 + 78 - -25)?
-71
2 + 14 + (1 - 3 - 0) + -12
2
-126 + 7 - ((106 - 22) + -77)
-126
What is the value of -610 + 573 - (-26 + -2)?
-9
What is the value of (2 + 1 - -19) + 911 + -866?
67
What is the value of 41 - (210 - 239 - (2 + -6))?
66
-9 + (3 - 6) - (8 - (69 + 0))
49
What is (-24 - -8) + (0 - 17) - -16?
-17
What is the value of 32 + (38 - 7 - 95)?
-32
What is the value of (82 - 51) + -69 + 20?
-18
Evaluate -6 + 15 + -9 + 3 + -11 + 3.
-5
Evaluate -2 - 9 - (-47 - (18 + -68)) - -108.
94
Calculate (-37 - -4) + (3 - (31 + (-15 - 9))).
-37
What is the value of 17 + -155 + -66 + 113 + 2 + 2?
-87
What is 115 - 99 - (-3 + 13 - -31)?
-25
Calculate (5 + (-11 - -7) - (-4 - -15)) + (-38 - 5).
-53
Evaluate (-1 - 110) + -4766 + 4906.
29
What is -34 - ((6 - -27 - 58) + -71)?
62
Evaluate -4 + -1 + 41 + -66.
-30
Evaluate -3 - -79 - (20 - -130).
-74
What is -1 - 113 - (-14486 + 14403)?
-31
What is -10 + 14 - (-110 + 103)?
11
What is -26 + -51 - -118 - 135?
-94
Evaluate -1 + -1 - (-14 - (-100 + 130)).
42
Evaluate 134 - ((-33 - -7 - -29 - 21) + 36).
116
What is the value of -4 + 89 + (0 - -4) + (-10 - (-43 + 45))?
77
Calculate (-9 - (11 + -12)) + (-13 - -7 - -4).
-10
3 + (4 + (66 - -6) - (-101 + 108))
72
What is the value of (-5 - 5 - -86 - -3) + 4 + -11?
72
(44 - 0) + (-20 - -28) + -3 + (17 - 13)
53
What is -5 + (5 - (-1 + -13)) - 6 - (48 + -3)?
-37
What is the value of 26 - ((282 - 272) + 19 + -3)?
0
19 + -3 - ((5 - 7 - -1) + 20)
-3
What is 76 - ((-42 - -163) + -92)?
47
What is the value of (71 - 49 - 23) + (0 + 28 - 0)?
27
Calculate (2 - -3) + -9 + -2 + -20.
-26
What is 33 + (20 - -20 - 68)?
5
What is the value of 19 - (18 - (-43 + 46))?
4
Evaluate 99 + (-174 - -3) - -83.
11
What is -187 + 100 - (-22 + -2) - -10?
-53
What is the value of -6 - (-7 + -1 - (31 - (68 + (-35 - -17))))?
-17
What is the value of 35 + (-27 - 126 - -238)?
120
What is -48 + (10 - 23) - -6?
-55
38 + 3 + (-16 - (-21 + -8 + 9 + 10))
35
What is -1 + -7 - -24 - (-799 - -800)?
15
What is the value of (-5 - -65) + (-16 - -3) + -9?
38
Calculate -10 + 27 + -7 + -41.
-31
Evaluate (6 + -13 + 17 - (10 + 2)) + 110 + -1.
107
What is the value of (-152 + 24 - -74) + 73?
19
Evaluate 57 + -4 + (11 - 25) + -20.
19
(-14 - 2) + (52 + -56 - 31)
-51
Calculate 10452 - 10494 - (-5 + 2 - 104).
65
(-77 - -45) + -1 - (-10 + 45)
-68
What is (6 - 5 - -55) + -11 + 10 + -12 + 10?
53
Evaluate -14 - -1 - (-21 + 3 + -2 - -3).
4
Calculate 59 + (-19 - -4 - (-9 + -3 + -25)).
81
Evaluate (-42 - -48 - -1) + 0 + -19 + 2.
-10
Evaluate -5 - (-1 + (-3 - -34) + -56).
21
What is 872 + -881 - (0 + 33)?
-42
Calculate -61 + -22 - -91 - (-70 + -5).
83
What is the value of -15 + (16 + -28 - (19 - 17))?
-29
What is 1 - ((-3 - 41 - (10 + -4)) + 10)?
41
Evaluate (51 - 5) + (-73 - -58) + 2 + 1.
34
(-40 - (-33 - -20 - 47)) + 11 + 0
31
What is 30 + 14 + -51 + 31 - 1?
23
What is (-1368 - -1367) + (3 - 67 - (-1 - (3 + -4)))?
-65
Calculate 52 + (9 - 15) + -9 - 4 - 4.
29
Evaluate (-1728 - -1752) + (-8 - 0 - (1 + (-1 - -3))).
13
What is -67 + (-6 + 2 + -1 - (17 - 7) - -4)?
-78
What is the value of -10 + 12 - 5 - (3 + -14) - 40 - -5?
-27
What is (-1 + (78 - -18) - (38 - 32)) + -8 + -1?
80
Evaluate 0 + (-21 - (-26 + (9 - 5))).
1
-15 + -15 + -2 + 20 + 10 + -39
-41
Calculate 22 + 43 + (-27 - 61).
-23
Calculate 31 + (1 + 12 - (4 - (25 + -48 - -13))).
30
What is 1 - (12 - (9 + 8 + (-8 - (8 - 7))))?
-3
What is the value of 18 - ((6 - 88) + 6 + 4 + 10)?
80
Calculate (25 - 6) + 8 + (-9 - 14) - 46.
-42
1 + (10 + -4 - 2 - -15 - 53)
-33
What is the value of (-5 - -84) + (-4 + 14 - (110 - 85))?
64
What is -1 + 1 + -11 - (72 - (-14 - -90))?
-7
What is the value of (-7 - 45) + 5 + -7 + (-3 - -1) + -2?
-58
15 + (5 - (-1 + 7)) + 1 + -80 + 183
118
What is (4 - -7) + -17 + -9 + 10?
-5
60 + -1 - ((9 - -33) + -34 - (-1 + 12))
62
What is the value of (-50 - -83) + 20 + -59?
-6
-16 - (-12 + 29) - (-4 - -26)
-55
Evaluate 3 - (-24 + (-162 - (-24 - -13) - -25)).
153
Calculate 5 - (1022 + -1009 - (1 - (-8 + 2))).
-1
Calculate 8 + (-11 + -1 - (21 + -54 + 34)) + 66.
61
What is the value of (11 - -1) + (-36 - -53 - (-21 + 36))?
14
Calculate -176 + -27 + 71 + 84.
-48
Evaluate -6 + 16 + 71 + 75 + -91.
65
Evaluate -32 + 1 + (-24 + (0 - 12) - -23).
-44
What is (-53 - -42 - 74) + 79?
-6
Evaluate 10 + -5 + -2 + (-6 + 2 - -1) + 64.
64
What is the value of -72 + 2 + 25 - (-5 - (-4 - -4 - 3))?
-43
Calculate (4 - 4 - (9 - -5)) + (23 - -10) + -17.
2
What is (78 - (2 - 1)) + (3996 - 4029)?
44
Calculate 274 - 176 - (2 + 4).
92
What is (-11 - (0 + -16)) + 2 + 41 + -2?
46
-164 + (1 - (24 - 36)) + (-3 - (-7 + 5))
-152
What is the value of 36 + 3 + -1 + (2 + 16 - (204 - 194))?
46
What is -104 - (-68 + -127 - -74)?
17
Calculate -56 - ((15 - (17 + -9 + -4)) + 7).
-74
What is -87 - 117 - -155 - (65 - -3)?
-117
Evaluate 2 - (-3 - -53) - (28 + -26 + -8).
-42
Calculate -1 + 15 - (-275 + 177 + (-4 - -2) + 19).
95
-5 - ((-13 - -11) + -5 + (1 - -9) + -71)
63
What is -3 - (-87 + 48 - -89)?
-53
What is the value of (-1 - -16 - 3) + (695 - 716)?
-9
What is (2 - 2) + 3 + 9 + -3 + -13 - -11?
7
What is the value of 27 - (40 - (-41 + 35))?
-19
Calculate -764 +